1 and q.
47
Let f = 83 + -64. Suppose -j = 3*t - 1, -2*j = -5*t - 16 - f. Calculate the highest common divisor of 6 and j.
2
Let j = 53 + 82. Let p = j - 117. What is the greatest common divisor of 153 and p?
9
Let w(y) = 43*y. Let s be w(-3). Let k = 300 + s. Suppose 12*c - k = 9*c. What is the highest common divisor of c and 38?
19
Suppose -3*t - 7*t + 23870 = 0. Let k = -1484 + t. Suppose -3*b - k = -3*x, 4*b = 3*x - 697 - 210. Calculate the highest common divisor of 33 and x.
33
Let k be (-15002)/(-82) - 2/(-41). What is the highest common divisor of 305 and k?
61
Let n be 0/((-7)/(0 - -7)). Let x = 1579 - 1108. Suppose n = -j + 4*z + x + 6, 2*j - 5*z = 951. What is the highest common divisor of 43 and j?
43
Suppose 67*o - 9709 - 33841 = 0. Suppose 5*b + 0*m - 247 = m, 0 = b - 3*m - 41. What is the greatest common factor of o and b?
50
Let h(u) = -u**3 + 117*u**2 - 670*u + 696. Let p be h(110). What is the greatest common factor of 516 and p?
172
Let w(n) = 14*n - 19 - 7*n + 10 + 26. Let t be w(-2). Let v be (-16)/(-8)*1/2. What is the greatest common divisor of v and t?
1
Suppose 0 = 215*o - 210*o - 4*c - 15200, c + 6080 = 2*o. Calculate the greatest common factor of o and 1120.
160
Let f be 0 + (-5 + 20)/(-3) + (29 - -2). Calculate the greatest common divisor of 16250 and f.
26
Let m(d) = 2*d**2 + 246*d - 1664. Let y be m(8). Suppose 2 = -5*l + 4*l, -3*q = -4*l - 296. What is the highest common factor of y and q?
48
Let n = -15271 - -15292. Calculate the highest common divisor of 28182 and n.
21
Let n = 489 + -379. Suppose n*c - 114*c + 464 = 0. Calculate the greatest common divisor of c and 203.
29
Suppose 4*m - 284 = -108. Let q be (35/(-30)*(-396)/56)/(6/8). Calculate the highest common divisor of m and q.
11
Let w be ((0 - 3)*47)/(-6 - -5). Suppose -442*u = -439*u - 9. Calculate the greatest common divisor of u and w.
3
Suppose -36*u - 742 - 8834 = 0. Let z = 28 - u. Calculate the highest common factor of z and 49.
49
Let v be (14/35)/((-1)/(-70)). Suppose 2*m - 341 = -325. Calculate the greatest common factor of v and m.
4
Suppose 0*p + 1830 = 3*n - p, p - 3058 = -5*n. What is the greatest common divisor of 47 and n?
47
Let i be 12 - (2 + (1 - 1)). Let o(s) = s**3 + 15*s**2 + 29*s - 4. Let y be o(-12). Suppose -14*f + y = -i*f. What is the highest common factor of f and 100?
20
Let a = -94 + 79. Suppose 72 = -4*z - 0*z. Let y be ((-36)/(-15))/(z/a + -1). What is the highest common divisor of y and 24?
12
Let z = -166 + 717. Let q be 7 + -1 - (7 + (-8 - 22)). Calculate the highest common divisor of z and q.
29
Let k be (6 + -2)/(-12*9/(-2457)). Calculate the greatest common factor of k and 7189.
91
Suppose -4*i - 4*d + 5 = -i, 5*i + 5*d - 10 = 0. Suppose 0 = i*x - 0*x + 2*y - 508, 2*y = -5*x + 848. Calculate the highest common divisor of 102 and x.
34
Let l = -6695 + 9511. Calculate the highest common factor of 264 and l.
88
Let m(x) = 2*x**3 - 13*x**2 + 5*x + 9. Let i be m(6). Suppose i*y = -a + 4*a + 195, -2*y + 145 = a. What is the greatest common factor of 14 and y?
14
Let l = -4095 + 4425. Calculate the greatest common factor of l and 264.
66
Suppose -197 = 5*o - 512. Let f = 269 - 237. Suppose f = 4*s + 2*a, -s + 8 = -3*a - 7. Calculate the highest common divisor of o and s.
9
Suppose 114*d - 12456 = 106*d. What is the greatest common divisor of 9 and d?
9
Let t = -18301 - -18345. What is the greatest common divisor of t and 154?
22
Let t(u) = 2*u**3 + 90. Let z be t(0). What is the highest common factor of 750 and z?
30
Let v be (-3)/(-2)*(-104)/(-6). Suppose 55886 = 167*i - 560. What is the highest common divisor of v and i?
26
Let y be ((-54)/81)/((-22)/(-3)) - 665/(-55). Let v be (24 + -3)*(-8)/(-6). Calculate the greatest common factor of v and y.
4
Let k(n) = n - 2*n**2 - 4 - 3 + 11 - 3*n**2. Let j be k(5). Let b = 221 + j. What is the highest common factor of b and 15?
15
Let x be (-2)/((-20)/398) + 138/690. Let i be (-13)/2*(0 + -2). Let u = i + 67. What is the highest common factor of u and x?
40
Suppose 2*a = 8*a - 1518. Suppose -597 = -16*n - 229. What is the highest common factor of n and a?
23
Let t(j) = -3*j**2 + 40*j + 21. Let m be t(13). Suppose 170 = 36*i - m*i. Calculate the greatest common divisor of i and 51.
17
Let h(q) = 299*q - 578. Let v be h(2). Calculate the highest common divisor of v and 190.
10
Suppose 4*b = 9*q + 1721, -22*b + 868 = -20*b - 2*q. What is the highest common divisor of 38 and b?
19
Suppose -333*z + 975 = -320*z. Suppose 45 = 5*r - 180. What is the highest common divisor of z and r?
15
Suppose 3*p - 33 = -5*d, -13*p + 8*p - 2*d = -36. What is the highest common divisor of p and 8?
2
Suppose 8 = -98*x + 102*x. Suppose 0 = -3*g - 3*l + 3, -x*l + 5*l = 4*g - 4. What is the greatest common factor of g and 17?
1
Let y(h) = -h**3 - 2*h - 7*h - 10*h**2 + 2 - 4*h. Let m be (-13 - -11)*(-27)/(-6). Let v be y(m). What is the greatest common divisor of v and 190?
38
Let d be 36/2 - (-4 + 11). Suppose 8 = d*n - 14. What is the highest common divisor of n and 22?
2
Let b = -244 + 614. Let i = b - 25. What is the greatest common divisor of i and 15?
15
Let x(l) = -7*l**3 - l**2 - 3*l - 3. Let q = -73 - -75. Suppose 0 = -3*b, t + 3*b - 2 = q*t. Let c be x(t). Calculate the greatest common factor of 11 and c.
11
Suppose 162*c = 128*c + 89080. Calculate the highest common factor of c and 40.
20
Let i = 10771 + -10767. Calculate the highest common divisor of i and 326.
2
Let r be (1 + 98/6)/((-6)/(-9)). Let y = 151 + -171. Let f = y + 72. What is the highest common divisor of r and f?
26
Let v = 13168 + -9334. What is the greatest common divisor of 71 and v?
71
Let i(o) = 638*o - 1011. Let f be i(2). Suppose -32*d - 106 = -34*d. Calculate the greatest common divisor of f and d.
53
Let h(u) = 2*u**2 + 74*u - 83. Let b be h(-41). Suppose -5*j - 2*x = -259, -5*j + 50*x + b = 45*x. What is the highest common divisor of j and 408?
51
Suppose 6*z - 3600 = z. Suppose -585*g = 309*g - 120690. Calculate the greatest common divisor of z and g.
45
Let k = -56 - -93. Let o(i) = -i**3 + i + 185. Suppose z = -5*a - 5, -a = a - 5*z - 25. Let b be o(a). Calculate the highest common divisor of b and k.
37
Let k(t) = -2*t + 4. Let n be k(0). What is the highest common divisor of n and 916?
4
Let l(j) be the third derivative of 0*j + 0 + 1/24*j**4 + 7/3*j**3 + 24*j**2. Let w be l(-9). What is the highest common factor of 3 and w?
1
Suppose 10*d - 11*d = -3. Suppose i = -4*k + 83, -i + 52 + 30 = d*k. Let p = i + -64. Calculate the greatest common factor of p and 120.
15
Let j(b) = 185*b + 430. Let l be j(-2). Calculate the highest common factor of l and 13940.
20
Let y(p) = -131*p + 414. Let o be y(2). What is the highest common factor of 10450 and o?
38
Let r be ((-5)/3)/(14/(-1218)). Let i = -131 + r. Suppose 0 = -6*d + 151 + 353. What is the greatest common divisor of i and d?
14
Suppose -128*p + 128619 - 32059 = -94*p. What is the greatest common factor of p and 8?
8
Let a = 271 + -299. Let m = 99 + a. What is the greatest common divisor of m and 71?
71
Suppose -3208*g - 135 = -3211*g. Calculate the greatest common factor of 603 and g.
9
Let v(k) = -3*k**3 - 104*k**2 - 74*k - 179. Let i be v(-34). Calculate the highest common divisor of 13925 and i.
25
Let a = 52660 - 37768. Calculate the highest common divisor of 816 and a.
204
Let p(u) = -u**3 + 28*u**2 - 19*u - 70. Let d be p(18). Calculate the greatest common factor of 224 and d.
28
Let s be (2/8)/((-21)/(-84)). Let g = 24 - s. Let q be 46*(4 + -5 + 3). What is the greatest common divisor of q and g?
23
Suppose 34*v + 29*v - 819 = 0. Let z be 2/5 + (-1623)/(-5). What is the greatest common divisor of v and z?
13
Let w(c) = 241*c**2 - 114*c - 20. Let u be w(-5). What is the greatest common factor of 75 and u?
25
Let g be ((-45)/(-10) + -5)/(((-2)/1848)/1). Calculate the highest common divisor of 322 and g.
14
Let f(q) = 16*q - 443. Let o be f(26). Let i be ((-9)/o)/((-3)/(-216)). Suppose 6*t - 2*t = 1056. What is the highest common factor of i and t?
24
Let x(z) = z**3 + 2*z**2 - 20*z. Suppose -7 = 2*r - 5*y, -9 = -21*y + 18*y. Let s be x(r). Calculate the highest common divisor of s and 400.
16
Let a(x) = -x**2 + 21*x + 164. Suppose 4*k - 4 = 100. Let l be a(k